{"id":839,"date":"2014-03-02T21:59:57","date_gmt":"2014-03-02T20:59:57","guid":{"rendered":"http:\/\/www.nesse.be\/?page_id=839"},"modified":"2014-06-19T07:59:15","modified_gmt":"2014-06-19T06:59:15","slug":"wildlife-artist-brume-matinale","status":"publish","type":"page","link":"https:\/\/www.nesse.be\/es\/wildlife-artist-brume-matinale\/","title":{"rendered":"Brume Matinale"},"content":{"rendered":"<h2><em><span style=\"color: #8c4d00;\">Ver y sentir del depredador del Pac\u00edfico.<br \/>\n<\/span><\/em><\/h2>\n<p>&nbsp;<\/p>\n<p><img loading=\"lazy\" decoding=\"async\" class=\"size-full wp-image-177 alignleft\" src=\"http:\/\/www.nesse.be\/wp-content\/uploads\/2014\/03\/Brume-Matinale-Francoise-Nesse.jpg\" alt=\"Wildlife artist-Francoise Nesse\" width=\"700\" height=\"535\" srcset=\"https:\/\/www.nesse.be\/wp-content\/uploads\/2014\/03\/Brume-Matinale-Francoise-Nesse.jpg 700w, https:\/\/www.nesse.be\/wp-content\/uploads\/2014\/03\/Brume-Matinale-Francoise-Nesse-150x114.jpg 150w, https:\/\/www.nesse.be\/wp-content\/uploads\/2014\/03\/Brume-Matinale-Francoise-Nesse-300x229.jpg 300w, https:\/\/www.nesse.be\/wp-content\/uploads\/2014\/03\/Brume-Matinale-Francoise-Nesse-148x113.jpg 148w, https:\/\/www.nesse.be\/wp-content\/uploads\/2014\/03\/Brume-Matinale-Francoise-Nesse-31x23.jpg 31w, https:\/\/www.nesse.be\/wp-content\/uploads\/2014\/03\/Brume-Matinale-Francoise-Nesse-38x29.jpg 38w, https:\/\/www.nesse.be\/wp-content\/uploads\/2014\/03\/Brume-Matinale-Francoise-Nesse-281x215.jpg 281w\" sizes=\"auto, (max-width: 700px) 100vw, 700px\" \/><\/p>\n<p style=\"text-align: justify;\">Durante nuestros viajes en la <a href=\"https:\/\/www.google.be\/maps\/@49.9895098,-121.9949745,7z\">isla de Vancouver<\/a> en la Columbia Brit\u00e1nica que estaba encantado por el vuelo del \u00e1guila real. Esta especie muy poco comunes en Canad\u00e1 se encuentra presente en el sur de la isla. Las monta\u00f1as del suroeste son propicias para su anidaci\u00f3n. Por la ma\u00f1ana, la niebla se dispersa con gran dificultad. Estos ambientes son muy caracter\u00edsticos de la costa del Pac\u00edfico. No es raro encontrar en el centro de la isla, perdida en una niebla espesa. Las lianas y musgos un grosor impresionante Aqu\u00ed crecen muy r\u00e1pidamente. La intensa humedad en sus bosques amaz\u00f3nicos casi, nos recuerda que esta parte del hemisferio norte la precipitaci\u00f3n es muy pesado.<\/p>\n<p>&nbsp;<\/p>\n<p>&nbsp;<\/p>\n<p>&nbsp;<\/p>\n<p>&nbsp;<\/p>\n<p>&nbsp;<\/p>\n<p>&nbsp;<\/p>\n<p>&nbsp;<\/p>\n<p>Niebla de la ma\u00f1ana hizo aguada a bordo\u00a0<a href=\"http:\/\/www.canson.com\/\">Canson<\/a>.<\/p>\n<p>Precio: Original para <a href=\"https:\/\/www.nesse.be\/es\/wildlife-artist-contacto\/ \u200e\">solicitar<\/a>.<\/p>\n<p>Reproducciones de arte, firmadas, numeradas, disponibles <a href=\"https:\/\/www.nesse.be\/es\/shop\/\">aqui<\/a>.<\/p>\n<p>&nbsp;<\/p>\n<p>&nbsp;<\/p>\n<p>&nbsp;<\/p>\n<p>&nbsp;<\/p>\n<p>&nbsp;<\/p>\n<p>&nbsp;<\/p>\n<p>&nbsp;<\/p>\n<p>&nbsp;<\/p>\n","protected":false},"excerpt":{"rendered":"<p>Ver y sentir del depredador del Pac\u00edfico. &nbsp; Durante nuestros viajes en la isla de Vancouver en la Columbia Brit\u00e1nica que estaba encantado por el vuelo del \u00e1guila real. Esta especie muy poco comunes en Canad\u00e1 se encuentra presente en el sur de la isla. Las monta\u00f1as del suroeste son propicias para su anidaci\u00f3n. Por [&hellip;]<\/p>\n","protected":false},"author":3,"featured_media":0,"parent":0,"menu_order":0,"comment_status":"closed","ping_status":"closed","template":"template-microsite.php","meta":{"_et_pb_use_builder":"","_et_pb_old_content":"","_et_gb_content_width":"","footnotes":""},"class_list":["post-839","page","type-page","status-publish","hentry"],"_links":{"self":[{"href":"https:\/\/www.nesse.be\/es\/wp-json\/wp\/v2\/pages\/839","targetHints":{"allow":["GET"]}}],"collection":[{"href":"https:\/\/www.nesse.be\/es\/wp-json\/wp\/v2\/pages"}],"about":[{"href":"https:\/\/www.nesse.be\/es\/wp-json\/wp\/v2\/types\/page"}],"author":[{"embeddable":true,"href":"https:\/\/www.nesse.be\/es\/wp-json\/wp\/v2\/users\/3"}],"replies":[{"embeddable":true,"href":"https:\/\/www.nesse.be\/es\/wp-json\/wp\/v2\/comments?post=839"}],"version-history":[{"count":0,"href":"https:\/\/www.nesse.be\/es\/wp-json\/wp\/v2\/pages\/839\/revisions"}],"wp:attachment":[{"href":"https:\/\/www.nesse.be\/es\/wp-json\/wp\/v2\/media?parent=839"}],"curies":[{"name":"wp","href":"https:\/\/api.w.org\/{rel}","templated":true}]}}

<h2><em><span style="color: #8c4d00;">Ver y sentir del depredador del Pacífico.<br />
</span></em></h2>
<p>&nbsp;</p>
<p><img loading="lazy" decoding="async" class="size-full wp-image-177 alignleft" src="http://www.nesse.be/wp-content/uploads/2014/03/Brume-Matinale-Francoise-Nesse.jpg" alt="Wildlife artist-Francoise Nesse" width="700" height="535" srcset="https://www.nesse.be/wp-content/uploads/2014/03/Brume-Matinale-Francoise-Nesse.jpg 700w, https://www.nesse.be/wp-content/uploads/2014/03/Brume-Matinale-Francoise-Nesse-150x114.jpg 150w, https://www.nesse.be/wp-content/uploads/2014/03/Brume-Matinale-Francoise-Nesse-300x229.jpg 300w, https://www.nesse.be/wp-content/uploads/2014/03/Brume-Matinale-Francoise-Nesse-148x113.jpg 148w, https://www.nesse.be/wp-content/uploads/2014/03/Brume-Matinale-Francoise-Nesse-31x23.jpg 31w, https://www.nesse.be/wp-content/uploads/2014/03/Brume-Matinale-Francoise-Nesse-38x29.jpg 38w, https://www.nesse.be/wp-content/uploads/2014/03/Brume-Matinale-Francoise-Nesse-281x215.jpg 281w" sizes="auto, (max-width: 700px) 100vw, 700px" /></p>
<p style="text-align: justify;">Durante nuestros viajes en la <a href="https://www.google.be/maps/@49.9895098,-121.9949745,7z">isla de Vancouver</a> en la Columbia Británica que estaba encantado por el vuelo del águila real. Esta especie muy poco comunes en Canadá se encuentra presente en el sur de la isla. Las montañas del suroeste son propicias para su anidación. Por la mañana, la niebla se dispersa con gran dificultad. Estos ambientes son muy característicos de la costa del Pacífico. No es raro encontrar en el centro de la isla, perdida en una niebla espesa. Las lianas y musgos un grosor impresionante Aquí crecen muy rápidamente. La intensa humedad en sus bosques amazónicos casi, nos recuerda que esta parte del hemisferio norte la precipitación es muy pesado.</p>
<p>&nbsp;</p>
<p>&nbsp;</p>
<p>&nbsp;</p>
<p>&nbsp;</p>
<p>&nbsp;</p>
<p>&nbsp;</p>
<p>&nbsp;</p>
<p>Niebla de la mañana hizo aguada a bordo <a href="http://www.canson.com/">Canson</a>.</p>
<p>Precio: Original para <a href="https://www.nesse.be/es/wildlife-artist-contacto/ ‎">solicitar</a>.</p>
<p>Reproducciones de arte, firmadas, numeradas, disponibles <a href="https://www.nesse.be/es/shop/">aqui</a>.</p>
<p>&nbsp;</p>
<p>&nbsp;</p>
<p>&nbsp;</p>
<p>&nbsp;</p>
<p>&nbsp;</p>
<p>&nbsp;</p>
<p>&nbsp;</p>
<p>&nbsp;</p>

<p>Ver y sentir del depredador del Pacífico. &nbsp; Durante nuestros viajes en la isla de Vancouver en la Columbia Británica que estaba encantado por el vuelo del águila real. Esta especie muy poco comunes en Canadá se encuentra presente en el sur de la isla. Las montañas del suroeste son propicias para su anidación. Por [&hellip;]</p>
